 3*r + 9. Let v(p) = p**3 + p**2 + 3. Let f be v(0). Let i(s) = f*z(s) + 2*x(s). What is the units digit of i(-7)?
2
What is the hundreds digit of -3*4/6 + 56*2?
1
What is the hundreds digit of 42/((-26)/(-12) - 2)?
2
Let y = 58 - 48. What is the tens digit of y?
1
Suppose u - 1 = -5*j - 0*j, -3 = -3*u - 5*j. Suppose 0 = 5*n - 14 + 4, k - 2*n = -u. What is the units digit of k?
3
Let p(j) = -2 + 3 + 0 - 5*j. Let s be p(-1). Suppose 3*w = -5*m + 37, -1 = 5*m - 5*w - s. What is the units digit of m?
5
What is the units digit of -2 - -4 - 1/(-2)*58?
1
Let g(z) = 10*z. Let s be g(-1). Let o be (-2)/(-4) - s/4. What is the units digit of 1*o*5/15?
1
Let i(x) be the first derivative of 2*x**3/3 + 3*x**2 + 3*x + 3. Let c be i(-4). Suppose l + 11 = -3*s, 0 = -5*l - 2*s - 2*s - c. What is the units digit of l?
1
Suppose 17 = h + 11. What is the units digit of h?
6
Let x = 94 - -16. What is the hundreds digit of x?
1
Suppose 3*m - 5*m = -112. What is the tens digit of m?
5
Let i(n) be the second derivative of -1/12*n**4 - 3/2*n**2 + 2*n + 0 - 2/3*n**3. What is the units digit of i(-2)?
1
Suppose 5*b - 4*b = 2*g - 8, 0 = -4*b - 8. Let u(q) = -3*q**2 - 1 + 0*q**g - 2*q + q - q**3. What is the units digit of u(-3)?
2
Suppose -29*n = -33*n + 184. What is the tens digit of n?
4
Suppose u + 5*x - 23 = 0, 2*x - 71 = -5*u - x. Suppose -3*h - 3*a = -9, -5*h + 5*a = -22 - u. What is the units digit of h?
5
Let j(y) = 4*y - 1. What is the tens digit of j(5)?
1
Let c(g) be the first derivative of -g**4/4 + 4*g**3/3 - g**2 - 4*g + 2. Let m be c(3). Let h(y) = 9*y**2 + y + 1. What is the units digit of h(m)?
9
Suppose 0 = -2*l + 89 + 139. What is the units digit of l?
4
Let o = -17 + 25. Suppose 4 - o = -4*i. What is the units digit of i?
1
Suppose 2*o - 4 = 10. What is the units digit of o?
7
Suppose -w + 4 = w. Let h be w/5 + (-202)/5. Let v = -22 - h. What is the tens digit of v?
1
Let n be -1 - -2 - 18 - -2. Let l be (6/5)/(3/n). Let k = l + 9. What is the units digit of k?
3
Suppose -2*p - 2*p + 2*q + 4 = 0, 3*p - 10 = 5*q. Let b = p + 6. What is the units digit of 3/9 + 10/b?
2
Let j(s) = -4*s + 2. Let a be ((-6)/3 - -6)/(-1). What is the units digit of j(a)?
8
Suppose 0 = -v + 6*v - 505. What is the tens digit of v?
0
What is the units digit of (1 - -1)/(1/4)?
8
Let c = -5 + 7. Let b(x) be the first derivative of x**4/4 + x**3/3 - x**2/2 + x - 1. What is the units digit of b(c)?
1
Let d = 134 + -50. What is the tens digit of d?
8
Suppose -9 = -3*f, 0 = -3*o + 3*f - 33 - 0. Let m = 9 + o. What is the units digit of m?
1
Suppose 8*n + 352 - 1296 = 0. What is the hundreds digit of n?
1
Let k = -5 - -10. Suppose -4*h = -k*g - 12, -5*g + 4*g - 15 = -5*h. Let a = 5 - g. What is the units digit of a?
5
Suppose m = 3*g - 14, -4*g + 2 + 5 = m. Suppose 2*u + 0*u - 6 = -5*r, -2*u = 4. Suppose -28 = -2*k + g*j, -r*k + 5*j = j - 28. What is the units digit of k?
4
Suppose -h = -0*h - 3. Suppose 3*j = -4*a + 29, -a + 0*j = -h*j + 4. Suppose 0 = 2*g + 5*v - 17, g + 3*g + 11 = a*v. What is the units digit of g?
1
Let r(j) = 3*j**3 - j - 5*j**3 + 5*j**3. Let w be 5/(-20) - 10/(-8). What is the units digit of r(w)?
2
Let t(o) = -o**3 - 21*o**2 - 10*o - 94. What is the units digit of t(-21)?
6
What is the units digit of (0 - (-2)/6)*513?
1
Let l(j) = 2*j**2 - 2*j - 3. Let w be l(-3). Suppose 0 = 3*r + 3*o - 141, 0 = r - 5*o - w - 44. What is the units digit of r?
0
Let a(m) = -m + 21. Let y be a(9). What is the units digit of y/(-10)*(-20)/6?
4
Suppose 2*t = 2*f + 118, 295 = -7*t + 12*t + 4*f. What is the units digit of t?
9
Suppose -z = -5*x - 11, 0*z + 4*x = -4*z + 44. What is the units digit of z?
1
Let x be ((-2)/(-5))/(2/110). Let h(p) = p + 6. Let s be h(-3). Suppose y + 4*b - 4 = s*y, x = 4*y - 2*b. What is the units digit of y?
8
Let x(s) = 2*s**3 - 24*s**2 - 16*s + 18. What is the tens digit of x(13)?
4
Let j = 27 - 22. What is the units digit of j?
5
What is the units digit of 385/6 + 4/(-24)?
4
Suppose -5*l - 31 = -4*x, -x + l - 1 = -9. Suppose 0 = -4*k + k + x. Suppose 6*n - 5 = n, 15 = 2*z + k*n. What is the units digit of z?
6
Suppose 3*d = 10*d - 182. What is the tens digit of d?
2
Suppose 48 = 2*f + f. Suppose 4*h = 6*h - f. What is the units digit of h?
8
Let z(l) = -2*l**3 - l**2 + 3*l + 1. Let o be z(-2). Let p be -3*((-2)/1)/(-6). Let r = o + p. What is the units digit of r?
6
Suppose 113 = x + 4*n + 13, 0 = 3*x - 3*n - 240. What is the units digit of x?
4
Suppose 954 = 4*s - 2*l - 18, -2*l = -4. What is the hundreds digit of s?
2
Suppose -4*s + 16 = -0*s. Suppose -6 = s*a - 7*a. Suppose r + 41 = 5*q, 5*r = q + q + a. What is the units digit of q?
9
Suppose 2*l - 8 - 68 = 0. Suppose -2 = 2*m + l. Let z = m - -30. What is the tens digit of z?
1
Suppose -18 - 7 = -c. What is the tens digit of c?
2
Suppose 4*r = -5*d + 116, 0 = -3*d - 2*r + 85 - 15. What is the units digit of d/2 - (-2)/(-1)?
0
Let p be 1*2 + 3 + 2. Let y(q) = q - 2. What is the units digit of y(p)?
5
Let y(u) be the third derivative of -u**6/120 + u**5/10 - u**4/6 + u**3 - u**2. Let v = -112 + 117. What is the tens digit of y(v)?
1
What is the hundreds digit of 48*(-1)/3*27/(-4)?
1
Let o(b) = -b**2 - 2*b. Let r be o(-2). Suppose r = 2*z + 2*z - 32. What is the units digit of z?
8
Let p = 5 + -5. Suppose 3*l - 9 - 31 = -5*n, -4*n - 2*l + 30 = p. Suppose -4*u + 21 = n. What is the units digit of u?
4
What is the units digit of (-2)/6 + (-182)/(-6)?
0
Suppose -m = -2*m + 3*x - 1, 2*x = 3*m - 4. Suppose 0 = -5*u - 2*j + m + 4, u + 8 = -5*j. What is the units digit of u?
2
What is the units digit of 6/(33/(-9) - -4)?
8
Let d = -207 + 376. What is the tens digit of d?
6
Let j = 221 - 130. What is the tens digit of j?
9
Suppose 4*m + 1 = 5. Let f be ((-4)/(-6))/(m/6). What is the units digit of ((-4)/5)/(f/(-10))?
2
Let p = -1 - -4. Suppose 3*a = -7*m + 2*m + 28, -p*a + 4*m + 10 = 0. What is the tens digit of (-45)/(-6)*8/a?
1
Let d(o) be the second derivative of 5/6*o**3 + 0 - o + 1/6*o**4 + 0*o**2. What is the tens digit of d(-4)?
1
Let z = 11 - 4. Let o = z - 6. What is the units digit of o?
1
Let v(u) = -1 - 2*u + u**2 + 5*u + 1. What is the units digit of v(-4)?
4
Suppose -3*g = 19 - 124. What is the tens digit of g?
3
Let b = -66 + 144. What is the units digit of b?
8
Suppose 6*j = 4*j + 26. Let p = j + -7. Suppose 3*g = -i + 2, -2*i = i - g - p. What is the units digit of i?
2
Suppose 2*i - 20 = 28. What is the tens digit of i?
2
Suppose -57 = 2*t - 3*h, -5*t + 6*t + h + 16 = 0. Let i = -9 - t. What is the tens digit of i?
1
Suppose 2*j - 4*c - 182 = 0, 3 = 2*c + 11. What is the units digit of j?
3
Let m be 3*(2 - (-16)/(-3)). Let l be (-2)/m - 108/15. What is the units digit of l/(-2) - (-1)/2?
4
Let t(r) = -8*r - 2. Let x be t(-2). Suppose -2*m + x = 6. What is the units digit of m?
4
What is the tens digit of (6/(-2))/(-1) + 92?
9
Suppose -14 - 26 = 4*p. What is the units digit of p/(-15)*(30 - 0)?
0
Let k(a) = a**2 - a - 4. What is the units digit of k(-3)?
8
Let p be 218/(-8)*(-1 + -3). Suppose 0 = 6*w - 59 - p. What is the units digit of w?
8
Suppose -3*u = u + 12. What is the units digit of u/(((-6)/(-9))/(-2))?
9
Suppose -a + 2 = -2. Suppose 0 = -2*y - a*t + 14, y = -0*y + 5*t + 28. What is the units digit of y?
3
Suppose 5*m - 5 = -2*b - b, -3*b = -5*m - 25. Suppose -o - 6 = -4*y + 2*o, 0 = -2*y - b*o + 16. What is the units digit of -3 + (y - 1) - -7?
6
Suppose -2 + 0 = -z. Suppose i = 3*y - 2*y + 2, i - 5*y = z. What is the units digit of i?
2
Let m(s) be the third derivative of 5*s**4/24 - 19*s**3/6 + 8*s**2. What is the units digit of m(16)?
1
Let x = 1 - 1. Let q be 6/(x - 3) - 13. What is the units digit of 3/5 + (-21)/q?
2
Suppose 0 = -2*v + l - 6*l + 23, v + 2*l - 9 = 0. Let c = v + 15. What is the units digit of c?
4
Let l be 242/(-10) - 2/(-10). Let f = l + 42. What is the tens digit of f?
1
Suppose 5*d - 17 = 13. Suppose 2*j - d*j + 28 = 0. What is the units digit of j?
7
Let p(h) = h**3 + 8*h**2 - 9*h + 2. Let k be p(-9). Suppose -5*o = -7*m + 2*m, k*m = -2*o + 12. What is the units digit of m?
3
Suppose -2*r + 54 = 4*c, -4*c = -5*r - 0*c + 79. What is the tens digit of r?
1
Suppose -p + 40 = 3*p. What is the tens digit of p?
1
Let y(v) = v**2 - 5*v - 2. Let n be y(9).